)).
15
-26 + 20 - (1 + -4) - (-6 + -1)
4
Calculate 1 + (-2 - 2) + (430 - 448).
-21
What is the value of 11 + (9 - 19 - -6) + -8?
-1
Calculate -24 + (-1 - (2 + 8 + -9)) + 2.
-24
Calculate 33 - (6 - (-65 - -24)).
-14
What is (0 - 10) + (37 - 17) + -13?
-3
Evaluate 4 + (2 - (-2 + -3 + 1)).
10
What is the value of 41 - 36 - (3 - 1)?
3
3 + (6 - 5) + -11 - (7 + 1)
-15
Evaluate (-8 + 41 - 11) + -18.
4
-22 + 5 + (-1 - -1) + -9 + 15
-11
-29 + (7 - (15 + -10) - -4) + 5
-18
What is -9 + -17 + 6 + 10?
-10
What is the value of 14 - (-21 - -16) - 3?
16
Evaluate 16 + -16 - (4 + 4).
-8
Calculate (6 - 0) + 36 - (-1 - (3 + -16)).
30
Evaluate -9 + -1 + (-16 - (0 + -9)).
-17
What is (7 + -2 + -9 - -6) + -4?
-2
What is the value of -2 - (-4 + (1 - 5 - (-49 + 44)))?
1
Calculate -9 - (-4 - (45 + -24)).
16
Evaluate 34 - -1 - (17 + 5 + -16 + 3).
26
Evaluate 67 + -59 + -5 + -1 + 8.
10
-6 + -4 + 38 + (6 - 27 - -11)
18
Evaluate (20 + -28 - -16) + -7.
1
What is the value of (3 - (-3 - (4 + 0))) + -3?
7
Evaluate 25 + (-15 - (5 + -5)) + -17.
-7
What is the value of -10 + 0 + -92 + 111?
9
What is the value of 11 + -3 + (6 - 16) - 2?
-4
Calculate 0 + -6 - (-11 + -18 + (18 - 8)).
13
What is -24 + (2 - (-39 + 24))?
-7
Calculate 32 + -15 + -6 - 22.
-11
(-9 + -5 - -15) + -11 + 31
21
Evaluate (-2 - (-10 - -23)) + -4.
-19
Evaluate -91 + 73 - (2 + -2).
-18
-26 - -32 - (9 - 1)
-2
What is 9 - (-15 + (12 - 10)) - 2?
20
What is -1 + (18 - 2) - (17 - -6)?
-8
What is the value of 24 + -23 - (3 - (-1 - (1 - -3)))?
-7
What is -1 + (15 - (26 - (-14 - -12)))?
-14
Calculate -2 - (0 - 1) - (1763 - 1770).
6
-27 - -13 - (-85 + 47)
24
Evaluate 0 - ((-3 - -6) + (-3 - 0) + 9).
-9
Calculate 3 + 8 + -3 + 1 - (3 + 1).
5
What is -3 + (14 - -7) + -15?
3
Calculate 16 + -1 + -17 + 7.
5
What is the value of 8 - ((-4 - -2) + 12 + 63 + -64)?
-1
(1 + 4 - (16 + 13)) + 7
-17
-36 - -22 - (-9 + 15)
-20
3 + (2 - (0 + -10 + -1))
16
What is 30 - 35 - (-2 - -10)?
-13
-6 - (-17 + 12 - 3)
2
What is the value of (-1 - (8 + 2) - -6) + 26 + -3?
18
What is the value of (27 - 39) + 18 + -8?
-2
Evaluate -11 - (10 + -8 - 24).
11
What is -9 - (-13 - (-1 + -6) - -10)?
-13
What is the value of 13 + -19 + 18 + 15?
27
Evaluate 17 + 32 + -3 + -38.
8
Calculate -29 + (-1 - (22 - 26 - (-1 + 6))).
-21
Evaluate -1 + 2 + (0 - 3) - (33 - 32).
-3
(-15 + 13 + (-1 - 3) - 15) + 7
-14
Calculate -5 - 1 - (2 - 23 - (0 + -5)).
10
Calculate 34 + (-26 + 9 - 3).
14
Calculate 0 - (0 + 7 + -7 + 0 + -5).
5
Calculate 0 + -6 + (248 - 240).
2
What is 12 - (-3 + (-1 - (-1 + 3)) - 0)?
18
What is 19 + -18 + 15 + -25?
-9
Calculate -6 - (-7 + 11 + -16).
6
Evaluate 3 + (19 - 22) + 4 + (0 - 1).
3
Calculate 0 - 6 - (-275 - -244).
25
Evaluate -5 + (31 - 23 - (-18 + -4)) + -7.
18
-9 + -7 - -35 - 0
19
Calculate 1006 - 982 - (6 + 0 + -1).
19
Evaluate 11 - (-1 - (6 + -3 + -7)).
8
-28 + 1 + (25 - 8)
-10
Evaluate 38 + -61 + 7 + 8.
-8
What is the value of 21 + 14 + -23 - (12 - 1)?
1
What is (3 - -12) + (148 - 165)?
-2
Calculate 0 + 0 + (9 - 15 - -7 - -5).
6
-1 + 11 + 43 + -42 + 0 + -10
1
What is the value of 8 + 6 + -19 - (5 + -17)?
7
What is 7 + -1 + -581 + 563?
-12
What is the value of -24 - (-53 + 12 - -35)?
-18
-12 + (11 - -4) + -8 + -20
-25
Calculate -8 + 14 + (6 - 28 - -7).
-9
58 - ((6 - 12) + 41)
23
What is (9 - 1) + 3 + -13?
-2
-4 + -5 + 7 + -2
-4
-3 + 17 + -30 + 9
-7
What is the value of 6 - (10 + -7 + 8 + -8)?
3
What is the value of -12 - ((0 - 0) + 17 + -21) - -5?
-3
What is the value of 7 - (-17 + 39) - (1 - 7)?
-9
Evaluate 0 - (6 - -1 - -3 - 7).
-3
What is (12 - (-42 + 19)) + -20?
15
What is the value of -63 + (45 - 8) + 34?
8
(23 - 14) + -12 - -28
25
What is the value of (-11 - -37) + (-25 - -4) - (1 - 8)?
12
What is the value of 26 - (14 + (32 - 10))?
-10
Calculate (-3 - -14) + (-24 - (-4 + 1)).
-10
Calculate (-16 - (-16 + 33 + -41)) + (1 - 21).
-12
What is the value of (10 - (22 + -14)) + 13?
15
Evaluate (-35 + 28 - (-3 - 1)) + 11.
8
Calculate 64 + -73 - (-32 - (0 - 1 - -1)).
23
Evaluate 1 + (-5 - (-4 + 5)) + (-5 - 0).
-10
Evaluate -6 + 1 + -1 + (-22 - -26) + 14.
12
-4 - (1 - 0 - 1) - (-191 + 176)
11
-5 - (-5 - 3) - 6 - -7
4
Calculate (7 - 3) + (-20 - -25 - 6).
3
What is 10 - 8 - 20 - (-20 + -6)?
8
Calculate 2 + (-7 - -4) - (4 - (5 + -8)).
-8
-1 + 15 + -25 - (-3 - (-3 - 6))
-17
Calculate -152 + 124 - (2 - 4).
-26
What is (15 - -1 - (12 - (7 + 1))) + 5?
17
Evaluate (4 - 37) + -3 - (100 + -110).
-26
What is the value of -3 + (12 - (-31 - -12))?
28
What is -1 + (8 - (9 - 16))?
14
What is the value of (575 - 547) + (0 + -10 - -1)?
19
What is -354 + 394 + 6 + -32?
14
Calculate (-1 - -8 - 11) + 12.
8
What is the value of -18 + 2 - (21 + 17 + -31)?
-23
What is the value of (-13 - (-11 + 7 + -3 - -6)) + -3?
-15
Calculate 2 + 0 - (8 + 5) - (141 - 140).
-12
-10 + (-5 - -23) - 12
-4
Calculate 17 - 18 - -13 - (32 - 3).
-17
-11 + 6 + 3 + 9 + 13
20
What is -7 + 17 + -11 + 14 + -2?
11
(-24 - -11) + 10 + 2 + -4 + -8
-13
(672 - 671) + (0 + -20 - -1)
-18
What is (17 - 11 - 3 - 5) + 32?
30
What is the value of -2 + (-20 + 4 + 17 - (5 - -1))?
-7
What is 9 + (4 - 19) + -4 + 7?
-3
Calculate 3 + -2 - (18 + 21 + -44).
6
Evaluate -99 - -105 - (-1 - (0 + -22) - 3).
-12
What is the value of -6 + -11 + -2 - (9 + -12)?
-16
What is -2 + -1 + 0 - ((10 - -5) + -31)?
13
Evaluate -34 + (0 - (-8 - (-3 + -3))) + 9.
-23
Calculate 3 - ((-5 - (-16 - -16)) + -22).
30
Calculate 1 - -5 - (17 + -8) - -13.
10
What is the value of (5 - ((15 - 3) + -23)) + -40?
-24
Evaluate -26 + (41 - (-24 - -25)).
14
What is (-2 + -5 - (-70 - -61)) + 2?
4
What is the value of -9 + -10 + 43 - 20?
4
Evaluate (1 - 0) + (-7 + -14 - -10 - -3).
-7
Calculate 0 - (11 + -13) - (-1 + 1 + -1).
3
What is the value of 12 - (-11 + 38 + -2)?
-13
What is the value of (42 - 9) + -18 + -7?
8
What is (-5 - 0) + (-7 - -32) + (23 - 18)?
25
What is (-16 - (-11 + 5 + 8)) + 7?
-11
What is -27 - (-45 + 23) - -32?
27
Calculate 2 + 2 - (-3 + -2) - 9.
0
(-15 - -34) + -31 + (1 - 1) + -1
-13
What is the value of -40 - (-56 + 26) - -16?
6
-8 - ((1 - -11) + -25)
5
What is -15 - (-1 - (2 + (-4 - -1)) - 6)?
-9
Calculate -11 + 22 + 6 + (-14 - -4).
7
Evaluate 770 - 784 - (-2 + -22).
10
What is 58 + -23 - 28 - (6 + 3)?
-2
What is the value of -4 + -16 + (1 - (0 + -7 + 1))?
-13
What is 14 + 18 + (2 + -18 - -18)?
34
10 + (11 - 8) + -9
4
9 + (-16 - (-8 - (4 - 9)))
-4
(-17 - (3 + -21)) + 10 - (11 - 0)
0
Evaluate -8 - (-29 + (2 - -9) - -10).
0
What is -16 - ((-15 - -16) + 1 + 2 - 10)?
-10
What is -28 - (1 - (-4 + 2 - -7) - -3)?
-27
0 + -7 - (-150 + 114)
29
What is 1 + 8 - (18 + (-19 - -7))?
3
What is the value of (-9 - 1) + -2 + 0 + 2 + 2?
-8
What is 17 + -1 + 8 + (-17 - -10) + -4?
13
Calculate (-7 + -4 - -3) + (6 - 2).
-4
Calculate 1 + (9 - 3 - 4) - (11 - 14).
6
Calculate 4 - 23 - (-10 - (4 + 6 + -30)).
-29
What is 5 + (-1 - (8 + 3))?
-7
What is 3 - -7 - (7 - -9 - 10)?
4
What is -3 + 19 + (-1 - (-16 + 3 + 18))?
10
Calculate -1 + -1 + (2 - 1) + (-341 - -331).
-11
Calculate (1 - (9 - 5)) + -27 - -13.
-17
Evaluate -1 + (-3 - (1 - 10)).
5
What is 3 + 1 - (55 - 52)?
1
What is the value of -2 - -1 - ((-14 - -39) + -7)?
-19
What is (7 - (-7 - 1)) + -3 + 5?
17
Calculate 8 - (0 - 6 - (-13 + 13 + -10)).
4
Evaluate -23 - ((-67 - -21) + 58).
-35
What is the value of -33 - (-1 - 7) - -29?
4
Calculate 1 - (-10 + (17 - 4 - 2)).
0
What is the value of (-7 - -15) + (-20 + 35 - 27)?
-4
(1 - 7) + (10 - 2 - (38 - 30))
-6
Calculate -1 + 34 - 10 - (10 - -1).
12
Evaluate (6 - (-8 - -6)) + -9.
-1
2 + (1 - -2) + -158 + 146 - -4
-3
Calculate -13 + 14 + 4 + (-4 - -17).
18
Evaluate -2 + 1 + -3 + 16 + (-439 - -439).
12
Evaluate 9 - (-21 - -9) - (-7 + 8 + -6).
26
What is the value of -11 + 28 + (-15 - -7)?
9
Calculate 11 - (21 + (-26 - 10)).
26
What is (-61 - (28 + -68)) + -9?
-30
Evaluate -39 + 4 + 10 + -18 + 22.
-21
Evaluate 3 + (-8 - -3 - ((27 - 8) + -7)).
-14
What is 39 - (26 - 7) - (1 + 7)?
12
Evaluate -16 + (-9 - (-13 + -9)) + -25.
-28
Calculate -19 + 6 + (6 - 10) + 3.
-14
(36 - 46) + -2 + 4 + -25 - -11
-22
Calculate 18 + 2 + -2 + (-32 - -27).
13
What is 6 + (6 - 28) - -37?
21
What is the value of -11 + (19 - -3) + -18 - (15 + 1)?
-23
Evaluate 5 + 14 + -7 + -12 + -1 - 10.
-11
What is 13 - ((-18 - 4) + 22)?
13
What is the value of -239 + 230 - (-6 + 0)?
-3
What is the value o